{"id":30,"date":"2024-01-22T10:30:43","date_gmt":"2024-01-22T15:30:43","guid":{"rendered":"http:\/\/vp-tech.ca\/?page_id=30"},"modified":"2024-03-18T10:57:47","modified_gmt":"2024-03-18T14:57:47","slug":"contact","status":"publish","type":"page","link":"http:\/\/vp-tech.ca\/?page_id=30","title":{"rendered":"Me joindre"},"content":{"rendered":"\n<p>Contactez-moi d\u00e8s aujourd&rsquo;hui! <\/p>\n\n\n\n<p>N&rsquo;h\u00e9sitez pas \u00e0 m&rsquo;\u00e9crire par Facebook ou encore \u00e0 vipy.tech01@outlook.com pour discuter de vos probl\u00e8mes informatiques ou pour planifier une r\u00e9paration. Je suis l\u00e0 pour vous aider \u00e0 retrouver une exp\u00e9rience informatique sans tracas!<\/p>\n\n\n\n<div class=\"wp-block-buttons is-layout-flex wp-block-buttons-is-layout-flex\">\n<div class=\"wp-block-button\"><a class=\"wp-block-button__link wp-element-button\" href=\"https:\/\/www.facebook.com\/profile.php?id=61554715135480\" target=\"_blank\" rel=\"noreferrer noopener\">Facebook<\/a><\/div>\n\n\n\n<div class=\"wp-block-button\"><a class=\"wp-block-button__link wp-element-button\" href=\"https:\/\/www.instagram.com\/_vp.tech\/\" target=\"_blank\" rel=\"noreferrer noopener\">Instagram<\/a><\/div>\n<\/div>\n","protected":false},"excerpt":{"rendered":"<p>Contactez-moi d\u00e8s aujourd&rsquo;hui! N&rsquo;h\u00e9sitez pas \u00e0 m&rsquo;\u00e9crire par Facebook ou encore \u00e0 vipy.tech01@outlook.com pour discuter de vos probl\u00e8mes informatiques ou pour planifier une r\u00e9paration. Je suis l\u00e0 pour vous aider \u00e0 retrouver une exp\u00e9rience informatique sans tracas!<\/p>\n","protected":false},"author":1,"featured_media":0,"parent":0,"menu_order":0,"comment_status":"closed","ping_status":"closed","template":"","meta":{"footnotes":""},"class_list":["post-30","page","type-page","status-publish","hentry"],"_links":{"self":[{"href":"http:\/\/vp-tech.ca\/index.php?rest_route=\/wp\/v2\/pages\/30","targetHints":{"allow":["GET"]}}],"collection":[{"href":"http:\/\/vp-tech.ca\/index.php?rest_route=\/wp\/v2\/pages"}],"about":[{"href":"http:\/\/vp-tech.ca\/index.php?rest_route=\/wp\/v2\/types\/page"}],"author":[{"embeddable":true,"href":"http:\/\/vp-tech.ca\/index.php?rest_route=\/wp\/v2\/users\/1"}],"replies":[{"embeddable":true,"href":"http:\/\/vp-tech.ca\/index.php?rest_route=%2Fwp%2Fv2%2Fcomments&post=30"}],"version-history":[{"count":6,"href":"http:\/\/vp-tech.ca\/index.php?rest_route=\/wp\/v2\/pages\/30\/revisions"}],"predecessor-version":[{"id":195,"href":"http:\/\/vp-tech.ca\/index.php?rest_route=\/wp\/v2\/pages\/30\/revisions\/195"}],"wp:attachment":[{"href":"http:\/\/vp-tech.ca\/index.php?rest_route=%2Fwp%2Fv2%2Fmedia&parent=30"}],"curies":[{"name":"wp","href":"https:\/\/api.w.org\/{rel}","templated":true}]}}